8*v**2 + 38*v + 31. Let t be u(17). Let r = 408 - t. What is the greatest common divisor of 5 and r?
5
Suppose -5*p = 4*g - 1877, -24*p + 1517 = -20*p + g. What is the highest common factor of 9 and p?
3
Let z = 57 - 45. Let w be 0 + 1 - z/(-6). What is the greatest common factor of w and 57?
3
Let g = -2330 + 6800. Let z be g/225 + 4/30. Calculate the greatest common divisor of 4 and z.
4
Suppose 5*p - 11 + 1 = 0. Suppose 0*f + 31 = f - x, 5*f - 149 = p*x. What is the greatest common factor of f and 290?
29
Suppose 10*x + 25*x - 11*x = 0. Let u be 3/(5/5 - x). Calculate the highest common divisor of 147 and u.
3
Let t(u) = -u**3 - 40*u**2 + 19*u - 86. Suppose o + 3*a + 26 = 0, -9*a = -4*o - 8*a - 169. Let b be t(o). What is the highest common divisor of b and 51?
51
Let o(g) be the first derivative of 0*g**2 - 9 - g + 2/3*g**3 - 19/4*g**4. Let j be o(-1). Calculate the highest common divisor of j and 160.
20
Let s = -13 - -11. Let t = 2 - s. Let i be (0 + t)/1 + -1. What is the greatest common divisor of 21 and i?
3
Let u(z) = -13*z**3 - 2*z**2 - 2*z - 1. Let j(m) = -5*m - 32. Let w be j(-5). Let p = -8 - w. Let g be u(p). What is the highest common divisor of 108 and g?
12
Suppose -2*k - 10*k = -828. Let x(u) = 32 + 32 - k*u + 67*u. Let y be x(20). Calculate the greatest common factor of 6 and y.
6
Suppose 3*y - 14 = -2*p + y, -5 = -5*p + y. Suppose l - 5*k - 711 = 0, 4*l - 7*l + 2114 = 4*k. Let u = 732 - l. What is the highest common factor of p and u?
2
Let q(o) = -o**2 - 101*o - 1070. Let y be q(-86). Calculate the greatest common factor of 1300 and y.
20
Let c(s) = -s**2 - 18*s + 10. Let n be c(-19). Let w(y) = y**2 + 4*y + 24. Let o be w(n). Calculate the greatest common factor of o and 23.
23
Let j = -488 + 488. Suppose j*w = -5*w + 240. What is the highest common factor of 400 and w?
16
Let b = 2 + 7. Let o = -2 + b. Suppose 0 = 4*m - 8*m + 4. Calculate the highest common divisor of o and m.
1
Let s = 51 + -46. Suppose -6*n + 20 = -5*n - 5*q, 5*q = -s. Let k(r) = -r**2 + 19*r. Let l be k(15). Calculate the greatest common factor of n and l.
15
Suppose 472*r = 435*r + 1998. What is the highest common factor of 738 and r?
18
Suppose 1008 = j + 3*j. Let l be 16/(-6)*45/(-12). Let a be (15/(-4) + l/40)*-8. Calculate the greatest common factor of j and a.
28
Suppose 0 = 3*d - 0*d - 5*s, 2*d = 5*s. Let k(z) = -6*z + 10 - 5*z**2 + 9*z**2 - 5*z**2 + 0. Let g be k(d). Calculate the highest common divisor of 2 and g.
2
Let z(o) = 2*o**2 + 35*o - 211. Let u be z(5). Let l(n) = 32*n - 13 + 4*n**2 - 9 - 6*n**2. Let b be l(u). Calculate the greatest common divisor of b and 170.
34
Let d be (486/((-2970)/55))/((-6)/4 + 0). Calculate the greatest common factor of 38 and d.
2
Let b = 74 + -114. Let z be (52 - 53) + b/(-2). What is the highest common divisor of 1121 and z?
19
Let j = -2 + 11. Suppose 10*b - 90 = 8*b. What is the greatest common divisor of b and j?
9
Let g be 6/22 - 92208/(-187)*(-2)/(-3). What is the greatest common divisor of g and 1175?
47
Let k = -2455 - -2827. What is the highest common factor of k and 1984?
124
Let z = 417 + -292. Suppose 427*b - 69 = 423*b + 3*a, -3 = a. What is the greatest common factor of z and b?
5
Suppose 0*a = -5*j - a - 151, -125 = 4*j + 5*a. Let i(g) = -g**3 - 31*g**2 - 47*g + 18. Let p be i(j). What is the highest common divisor of p and 48?
48
Suppose -3*l = 7*l + 460. Suppose 2*t - t = 3. Let b = t - l. What is the highest common factor of 7 and b?
7
Let l be 56/(-140) - 6*(-387)/30. Suppose 0 = -2*t + 6, 0 = 4*r + 4*t - 420 - 76. What is the highest common divisor of r and l?
11
Let v = -54 - -64. Let f be v + (-3 - -1) - -7. Calculate the highest common factor of 105 and f.
15
Suppose -4*r = 5*w - 12163, -22*r + 25*r - 9116 = -5*w. Calculate the highest common factor of r and 110.
11
Let s = -4264 - -9829. What is the highest common factor of 3 and s?
3
Suppose -4*i + 5*g = -280 + 51, 87 = 2*i + 3*g. Suppose -421 = -2*a + 89. What is the greatest common divisor of i and a?
51
Suppose -70*o + 148*o = -171*o + 1494. Calculate the highest common factor of o and 7158.
6
Let s(c) = 4*c + 48. Suppose 12*z + 22 = 13*z. Let p be s(z). Calculate the greatest common divisor of 24 and p.
8
Let n(f) = f**3 + 35*f**2 + 280*f - 278. Let m be n(-21). Suppose 3*z - 2*z = 176. Calculate the highest common divisor of z and m.
16
Let m = -2227 + 2250. Calculate the highest common divisor of 69 and m.
23
Suppose -5*l = -5*n - 5045, 4084 = 4*l - 29*n + 33*n. What is the greatest common factor of l and 145?
145
Let d(l) = 6*l - 132. Let n be d(22). Suppose -5*a + 2*x + 22 = -n*a, 7 = 3*a + 5*x. Calculate the highest common factor of a and 44.
4
Let d be (84/10)/((-3)/(-20)). Let j = 548 - 237. Let i = 325 - j. What is the greatest common factor of d and i?
14
Let l(a) = 55*a**2 + 63*a - 448. Let k be l(7). Calculate the highest common divisor of 98 and k.
14
Suppose 5*t + 4*m - 5 - 2 = 0, 0 = 3*t + 4*m - 9. Let y(u) = -3*u**3 - 2*u**2 + 2. Let g be y(t). What is the greatest common factor of g and 12?
3
Suppose f - 13*x - 8 = -12*x, -2*x = 3*f - 4. Suppose 3*c - 4 + 44 = 5*w, 32 = f*w - 3*c. Calculate the greatest common factor of w and 92.
4
Suppose 0 = 18*t - 12*t - 264. Let q(a) = 3*a**2 + 1. Let f be q(4). Let w = f - t. Calculate the highest common factor of w and 10.
5
Suppose 49*k = 15*k - 34. Let j be (k/(5/50))/(8/(-184)). Calculate the greatest common factor of j and 10.
10
Let z = -231 + 229. Let r be 46/23 + (-4)/z. Calculate the highest common divisor of r and 44.
4
Suppose -1143*u = -1144*u + 3*x + 530, -x - 2087 = -4*u. What is the highest common factor of u and 2?
1
Let j be 52775/20 + (-15)/(-60). Suppose -7*a + j = 22*a. Calculate the greatest common divisor of 26 and a.
13
Let t = 3419 + -2239. Calculate the greatest common factor of 40 and t.
20
Suppose 2*u + 200 = 4*y, 200 = 5*y - y - u. Let k be ((-32)/(-4) - -54) + 13. What is the highest common divisor of k and y?
25
Let n be (-3 + 4 - -21)*2. Let i = -5938 + 5958. What is the greatest common factor of n and i?
4
Suppose -w + f = 3*w + 13, 2*w + 3 = -3*f. Let s be w/1 - (7 + -5)*-9. What is the greatest common divisor of s and 25?
5
Let s(i) = 34*i - 63. Let x be s(2). Let a = -52 + 31. Let g = 31 + a. What is the greatest common factor of x and g?
5
Let h be (4 - 1) + (-35)/(-35). Suppose 5*z - 2*u - 1177 + 406 = 0, z - h*u = 165. Calculate the greatest common divisor of 85 and z.
17
Let b be 656*(-24 + 25)/((3 - 1) + 0). Calculate the greatest common divisor of 1845 and b.
41
Let p(c) = 67*c**2 - 40*c - 24. Let m be p(-2). Calculate the highest common factor of m and 24.
12
Suppose 2*d - 11814 = -4*f + 568, -5*d + 30963 = 2*f. What is the greatest common factor of 22 and d?
11
Suppose 6*d - 8*d - 316 = -6*z, -5*d = 25. What is the highest common divisor of 3638 and z?
17
Suppose -5*c + 50 = 10. Let r be 1/4 + (-9659)/(-52). Suppose -94 = -7*l + r. Calculate the highest common factor of l and c.
8
Suppose -326 = -3*a - j, -42*a + 43*a - 102 = -2*j. What is the highest common divisor of a and 6710?
110
Suppose 335 = -4*l + 543. What is the highest common divisor of 1378 and l?
26
Suppose u + 2435 - 437 = 4*j, 2*u = 5*j - 2502. Calculate the highest common factor of 6 and j.
6
Let f(k) = 4*k**3 - k**2 + 2*k - 1. Let t be f(1). Let j be (128/6)/(t/12). Let c be 606/19 - (2513/133 + -19). What is the greatest common divisor of c and j?
32
Suppose 13*y - 18*y + 123 = 3*j, 0 = 2*y - 5*j - 74. Let m(g) = 5*g**2 - 2*g. Let p be m(-5). Calculate the highest common divisor of y and p.
27
Suppose -118 = -d + 12*o - 15*o, 0 = -d + 3*o + 94. What is the greatest common divisor of d and 2279?
53
Suppose 0 = 5*i + n - 11, 4*i - 12 = 5*n - 9. Suppose -i*x = -5*t + 33 + 564, 4*x - 16 = 0. Calculate the greatest common factor of 33 and t.
11
Let p(n) = 16*n**2 - 25*n + 11. Let w be p(-13). Let t = -1697 + w. What is the highest common factor of t and 17?
17
Suppose 3*t = -3*g + 375, -3*g - 5*t + 561 = 184. Let u = -3791 - -3803. What is the greatest common divisor of g and u?
4
Let u be (-2080554)/(-357) + 8/68. What is the greatest common divisor of u and 496?
124
Suppose 7493*w = 7478*w + 10320. Calculate the greatest common divisor of w and 602.
86
Let n(y)